7. Does 3 divide 9 + (-2 + 1 - b)?
False
Suppose -3*a - 2*a = -r + 25, 10 = 5*r - 2*a. Does 14 divide 2 - -35 - 1 - r?
False
Suppose 5*x + 4*k + k - 10 = 0, -22 = -5*x + k. Suppose -5*p - x*d + 208 = 0, 0 = -4*p + 5*d + 17 + 133. Does 22 divide (-8)/(-2 + p/22)?
True
Let w = 2 + 2. Does 4 divide w + -3 + 1 + 2?
True
Let c = -81 - -126. Suppose -2*h - c = -3*h. Is h a multiple of 15?
True
Is (-1063)/(-4) + (-24)/32 a multiple of 36?
False
Suppose 4*q - 5*x = 487, -4*q + 3*x + 475 = 2*x. Does 27 divide q?
False
Let l(h) = h**2 + 6*h + 9. Let m be l(-7). Suppose 5*f = -10, 0 = 4*s - 5*f - 18 - m. Is s a multiple of 6?
True
Let c = 6 - 5. Let y be (c - 5/3)*3. Is 5 a factor of ((-15)/9)/(y/6)?
True
Suppose -4*q + 98 = -2*q. Is 13 a factor of q?
False
Let b(q) = q**3 + 10*q**2 - 2. Is b(-8) a multiple of 9?
True
Is 5 a factor of 25*(-14)/(-105)*(0 - -3)?
True
Suppose 8*s = 792 - 8. Is 34 a factor of s?
False
Suppose -3*d = -2*d - 14. Is 7 a factor of d?
True
Let q(v) = -v + 91. Let i be q(0). Let c = -57 + i. Let p = c + -12. Does 22 divide p?
True
Suppose 5*v - 10 = 5*k, v + 2*k - 11 = -0*v. Suppose 0 = h - v. Does 5 divide (-128)/(-40)*(0 + h)?
False
Let z be 0/(0 - 3) + 5. Suppose v + 1 = z*o - 92, -4*o + 2*v = -72. Does 19 divide o?
True
Suppose 0 = v - 3*v - 20. Let y = -16 - v. Let x(b) = -b**2 - 7*b + 5. Is x(y) a multiple of 7?
False
Let w be (2/3)/((-2)/6). Suppose 4*l - 68 = 4*b - 16, -97 = -4*l - 5*b. Is 8 a factor of l - (0 + 1 + w)?
False
Let y(v) = v**3 - v**2 - 2*v. Is y(4) a multiple of 8?
True
Suppose 3*o + 9 = 2*o. Let u(m) = -m - 3. Let w be u(o). Suppose -x = -w*x + 90. Is x a multiple of 6?
True
Let p = -12 + 9. Is 14 a factor of ((-14)/p)/(1/3)?
True
Let l(v) = -v**3 - 4*v**2 + 4*v + 1. Let f be 2/4*(-8 - 0). Let y be l(f). Does 3 divide 34/6 - (-10)/y?
False
Let w = 9 + 17. Is 13 a factor of w?
True
Suppose 3*b = -2*q + 253, -b + 65 = -2*q + 322. Suppose 2*v + 2*v - q = 0. Is 16 a factor of v?
True
Suppose 4*w + 2 - 33 = -5*q, 0 = w - 4. Suppose -4*t + q*x = -127, 8 = t + x - 22. Does 14 divide t?
False
Suppose -3*h - h + 2*w = -22, 3*w = -2*h + 15. Suppose r - 13 = h. Suppose -3*m + 67 = m - 5*b, 0 = m + b - r. Does 10 divide m?
False
Suppose -3*s + 3 = 2*c, 2*c - 16 = -2*c + 4*s. Suppose 0 = v + 3*t - 3, -v + 33 = 2*v + c*t. Suppose 0 = 5*d - v, -89 = -4*a - 5*d + 6. Is 10 a factor of a?
True
Suppose -196 = 5*x + 34. Does 23 divide (x/6)/((-9)/54)?
True
Is ((-182)/(-6) + 0)/((-14)/(-126)) a multiple of 39?
True
Suppose 2*j = 68 + 68. Suppose 3*l - j = -l. Is l a multiple of 17?
True
Let h(n) = 12*n**2 + 3*n + 8. Is h(-2) a multiple of 7?
False
Let y = 39 + 6. Is 8 a factor of (-2 - y/(-6))*2?
False
Let f = 2 - -1. Suppose 0 = -f*g - 2*g + 285. Is g a multiple of 19?
True
Is 29 a factor of (-522)/4*(-4 - 40/(-12))?
True
Is 33 a factor of (-1570)/10*(0 - (2 - 1))?
False
Suppose -5*q + 3*x + 672 = 0, 0 = 4*q - 2*x - 76 - 462. Let n be (-8)/(-6)*q/(-6). Let r = n - -48. Is r a multiple of 9?
True
Let q = 116 + -20. Is 8 a factor of q?
True
Let x(b) = 2*b**3 + b**2. Let v be x(1). Suppose 8*c - v*c = -230. Let f = c + 82. Is 18 a factor of f?
True
Let u(v) be the third derivative of -1/2*v**3 - 1/120*v**6 - 3*v**2 - 7/60*v**5 + 0 + 5/24*v**4 + 0*v. Is 21 a factor of u(-8)?
True
Suppose 0 = -0*j - 3*j + 15. Suppose 0 = -5*u + 10, -3*m + 0*m + j*u = -29. Does 13 divide m?
True
Let q(w) = 26*w + 5. Is q(6) a multiple of 10?
False
Suppose -616 = -2*l - 4*z, 2*l - 7*l + 1522 = z. Is l a multiple of 38?
True
Suppose 5 = -2*w + 3*w. Suppose 8 = -j + 4*j - o, 0 = -3*j - 2*o + 20. Suppose -j*b + w*b = 28. Does 14 divide b?
True
Let v(n) = -2*n + 3*n - 2*n + 2*n + 5. Is v(6) a multiple of 6?
False
Let m(t) = -t**2 + 5*t - 6. Let c be m(4). Is 14 a factor of 13 - ((-6)/c)/(-3)?
True
Suppose f - 3*z = -3*f + 423, -5*f - 2*z + 500 = 0. Let k = f - 68. Is 17 a factor of k?
True
Let b be (-2)/4 + (-4)/(-8). Suppose -3*y + 117 = -3*q, -y - 6*q + q + 33 = b. Is y a multiple of 18?
False
Let o(a) = a + 1 + 1 + 5 - 3. Is 2 a factor of o(0)?
True
Let p(w) = 2*w**2 + w + 2. Let j be p(2). Let g(z) = -z**2 + 13*z. Does 9 divide g(j)?
False
Let f(p) = -2*p + 4*p**2 + p**2 - 1 + 2 + 0. Let g be f(1). Suppose m + g*h = -5, -m + 5*h + 29 = m. Does 3 divide m?
False
Suppose 68 = z - a, 4*z + a - 103 = 179. Suppose -z = 2*v - 4*v. Does 16 divide v?
False
Suppose 4*k + 27 = 2*o - 17, 2*k + 54 = 2*o. Does 9 divide o?
False
Let l(g) = -g**3 - 7*g**2 - 8*g - 8. Let d be l(-6). Let w be d/2*4*1. Suppose p = 3*i - 41, -2*i + w*p + 23 = 3*p. Is 7 a factor of i?
True
Let q be (-1)/((-3)/3)*2. Let v(o) = o - 2. Let i be v(q). Suppose -2*x + 0*x + 58 = i. Is x a multiple of 12?
False
Let o(n) = 22*n**2 + 5*n. Is o(-1) a multiple of 2?
False
Suppose -5*h + 3*h + 14 = 0. Let d = h - -1. Let x = d + 4. Does 12 divide x?
True
Suppose -3*v = 5*q + 570, 0 = -3*q - 2*v - 0 - 342. Let m be q/(-15) + 2/5. Suppose p - g - 14 = 0, -70 = -m*p + 3*p - g. Is 7 a factor of p?
True
Suppose 9*c + 315 = 14*c. Is 21 a factor of c?
True
Suppose -5*d = 2*i - 385, 0 = -2*d - 4*i + 15 + 123. Suppose -4*b + 2*f - 7 = -d, f = 4*b - 74. Is b a multiple of 16?
False
Suppose 1 = -l + 3. Suppose -25 - 21 = -l*j. Is 8 a factor of j?
False
Is 18 a factor of 72*1 - (-2)/8*0?
True
Suppose -3*b + 5*b - 60 = 0. Does 4 divide b?
False
Let w(z) = -z**2 - 4*z - 2. Let t be w(-4). Let b(y) = -8*y. Is 5 a factor of b(t)?
False
Let b = -5 + 7. Suppose -f - b = -1. Let z = 35 - f. Is 13 a factor of z?
False
Let f = 32 + 48. Is f a multiple of 6?
False
Does 14 divide 1/((-4 - 0)/(-616))?
True
Let p(g) = 8*g - 1. Let q be p(3). Suppose j - q = 5. Suppose 3*a - j = 2. Is 5 a factor of a?
True
Suppose 297 = 4*h - h. Does 13 divide h?
False
Suppose -4*z = -z + l + 443, -753 = 5*z - 2*l. Let f = -3 + -12. Is z/(-5) + (-3)/f a multiple of 14?
False
Let d = 1 - -3. Suppose -3 + d = -2*q - 3*y, 5*y = -15. Does 10 divide q*46/16*2?
False
Let f(y) = -y**2 - 9*y - 5. Let l be f(-6). Let m(j) = j**3 + 1 + 4 - 6*j**2 + l*j**2. Is 5 a factor of m(-7)?
True
Let k = 3 + -3. Suppose 144 = -k*d + 3*d. Does 23 divide d?
False
Let k be (10/20)/(2/4). Let x = 13 + k. Does 7 divide x?
True
Let h be 35 + -1 + (4 - 2). Suppose 3*j + 97 = 5*c, -5*c = j - 3*c + h. Let s = j - -58. Is s a multiple of 8?
True
Let g(z) = -2*z + 16. Let f be g(7). Suppose 0 = 2*m + m + 15, f*s - 5*m = 137. Does 28 divide s?
True
Let b = -3 - -8. Suppose -b*g + 3*k = -2*k - 5, 1 = g + 5*k. Does 2 divide 3/(g*9/6)?
True
Let p(c) = -4*c + 9. Let l(m) = -5*m + 8. Let g(r) = 3*r - 5. Let o(v) = -8*g(v) - 5*l(v). Let u(i) = 5*o(i) + p(i). Is 9 a factor of u(0)?
True
Suppose -15 = 5*x + 25. Is 8 a factor of (-3)/(-4) - 138/x?
False
Let a = 23 + -34. Let q = 39 + -23. Let f = q - a. Is 7 a factor of f?
False
Suppose -3*m - 2*q + 228 = 0, -4*m + 174 + 130 = -5*q. Is 19 a factor of m?
True
Let d(c) = c + 19. Let n be d(0). Does 19 divide 0*2/(-4) + n?
True
Suppose -26 = -3*t + 22. Suppose -2*v + t = -v. Does 5 divide v?
False
Suppose -3*g - 4*m + 196 = 0, 3*m - 72 = -g - 0*g. Is 10 a factor of g?
True
Let t = 69 - 41. Is 7 a factor of t?
True
Let o = 10 + -7. Suppose -o*c + 9 = 3. Suppose c*y + 14 = 5*u - 1, -3*u = -2*y - 9. Does 3 divide u?
True
Let a(n) = -2*n - 3. Is 13 a factor of a(-13)?
False
Suppose 0 = -4*x - 4*a + 119 + 373, 2*x - 2*a - 230 = 0. Is 34 a factor of x?
False
Is 4 a factor of (-18)/(3/6 + -2)?
True
Suppose 0*i + i - 4 = 0. Suppose i*c - 2*p + 6*p - 396 = 0, 2*c - p - 207 = 0. Suppose -m + 2*m + 5*w = 16, -c = -4*m - w. Is m a multiple of 13?
True
Let w be (-174)/4*16/(-12). Let f = 41 - w. Let r = -3 - f. Is r a multiple of 7?
True
Let o = -32 - -53. Is 14 a factor of o?
False
Suppose -5*k + 11 + 29 = 0. Let n = k + -5. Is 10 a factor of (-30)/(-8)*8/n?
True
Suppose -3*x + 8 = -7*x. Let z be (-1 + 1)/(x + 3). Is (z - 1)/(1/(-5)) a multiple of 3?
False
Suppose -329 = -3*h + 481. Suppose 0 = -6*y + y - 5*c + h, 0 = -3*y - 4*c + 159. Does 14 divide (-6)/(-9)*y/2?
False
Suppose 3*m - 108 = 5*v, m - 20 - 16 = 4*v. Is 18 a factor of m?
True
Suppose 0 = 3*t - 3, m + 0*m = 3*t + 25. Is 12 a factor of m?
False
Let n(q) = -q**2 - 13*q + 9. Is 3 a factor of n(-13)?
True
Let j(t) = -3*t**2 - 5*t + 10. Let h be j(-8). Is 19 a factor of h*(2 - 20/8)?
